{"id":367,"date":"2024-11-21T13:31:03","date_gmt":"2024-11-21T13:31:03","guid":{"rendered":"https:\/\/acerosdeloriente.com\/reload\/?post_type=product&#038;p=367"},"modified":"2025-07-10T20:58:41","modified_gmt":"2025-07-10T20:58:41","slug":"alambre-negro","status":"publish","type":"product","link":"https:\/\/acerosdeloriente.com\/reload\/producto\/alambre-negro\/","title":{"rendered":"Alambre Negro"},"content":{"rendered":"<p>Alambre negro en espesor de 1.25 mm, utilizado para amarrar las varillas corrugadas. Su ductilidad lo hace flexible para poder amarrar con facilidad, pero su composici\u00f3n qu\u00edmica lo hace resistente ante las fuerzas presentes en la estructura. Parte de varios procesos de recocci\u00f3n donde obtiene sus caracter\u00edsticas.<\/p>\n<p>*1.25 mm X 25 KG<\/p>\n<p>SAE 1006\/1008 &#8211; NTC 115<\/p>\n","protected":false},"excerpt":{"rendered":"<p>Alambre negro en espesor de 1.25 mm, utilizado para amarrar las varillas corrugadas. Su ductilidad lo hace flexible para poder amarrar con facilidad, pero su composici\u00f3n qu\u00edmica lo hace resistente ante las fuerzas presentes en la estructura. Parte de varios procesos de recocci\u00f3n donde obtiene sus caracter\u00edsticas.<\/p>\n","protected":false},"featured_media":368,"comment_status":"open","ping_status":"closed","template":"","meta":{"_et_pb_use_builder":"","_et_pb_old_content":"","_et_gb_content_width":""},"product_brand":[],"product_cat":[29],"product_tag":[],"class_list":{"0":"post-367","1":"product","2":"type-product","3":"status-publish","4":"has-post-thumbnail","6":"product_cat-construccion","8":"first","9":"instock","10":"featured","11":"shipping-taxable","12":"product-type-simple"},"_links":{"self":[{"href":"https:\/\/acerosdeloriente.com\/reload\/wp-json\/wp\/v2\/product\/367","targetHints":{"allow":["GET"]}}],"collection":[{"href":"https:\/\/acerosdeloriente.com\/reload\/wp-json\/wp\/v2\/product"}],"about":[{"href":"https:\/\/acerosdeloriente.com\/reload\/wp-json\/wp\/v2\/types\/product"}],"replies":[{"embeddable":true,"href":"https:\/\/acerosdeloriente.com\/reload\/wp-json\/wp\/v2\/comments?post=367"}],"wp:featuredmedia":[{"embeddable":true,"href":"https:\/\/acerosdeloriente.com\/reload\/wp-json\/wp\/v2\/media\/368"}],"wp:attachment":[{"href":"https:\/\/acerosdeloriente.com\/reload\/wp-json\/wp\/v2\/media?parent=367"}],"wp:term":[{"taxonomy":"product_brand","embeddable":true,"href":"https:\/\/acerosdeloriente.com\/reload\/wp-json\/wp\/v2\/product_brand?post=367"},{"taxonomy":"product_cat","embeddable":true,"href":"https:\/\/acerosdeloriente.com\/reload\/wp-json\/wp\/v2\/product_cat?post=367"},{"taxonomy":"product_tag","embeddable":true,"href":"https:\/\/acerosdeloriente.com\/reload\/wp-json\/wp\/v2\/product_tag?post=367"}],"curies":[{"name":"wp","href":"https:\/\/api.w.org\/{rel}","templated":true}]}}